+ -27?
-124
Evaluate 0 + -1 + 35 - (38 - (23 - (3 + -10))).
26
What is the value of 15 + 18 - 5 - 50?
-22
Calculate -56 - (22 - -41 - 100).
-19
What is the value of -5 + 1 + (-39 - (-62 - -7))?
12
What is -90 - (82 - 67 - (36 - (9 - 8)))?
-70
Calculate -4 + 14 + -18 + ((12 - 23) + 21 - 44).
-42
What is the value of -47 + (-20 - -111) + -86?
-42
What is the value of 67 - (-2 - -44) - (-18 + -7)?
50
-6 - -2 - -89 - (-142 + 150) - 21
56
Evaluate 0 + 1 + 116 + -161 - 12.
-56
83 + -3 - (-35 - (24 - 38) - -21)
80
What is the value of (32 + -19 - 3) + 35 + 3 + (-4 - -1)?
45
Calculate -21 + 26 + (-1 - (-2 - 1) - (-56 - -104)).
-41
Evaluate -6 - 2 - ((-28 - (5 - -6)) + -5).
36
-286 - (-129 + -15) - -211
69
What is the value of (1 - -56) + (57 - (154 - 31 - 54))?
45
Calculate -6 + (11 + 0 + 94 + (-7 - 6) - 3).
83
Evaluate (2 - -6) + -6 + -9 + 22 + -15 + 13.
13
Calculate (-19 - (32 - (37 + -26))) + -28.
-68
What is the value of -2 + 6 + (-17 - (-19 - -18)) + -19?
-31
What is the value of (-68 - -97) + 45 - 25?
49
Evaluate (7545 - 7561) + (6 - 3 - (-49 - -4)).
32
Evaluate -5 + 16 - (-42 - -73) - 39.
-59
Calculate (-2 - 28 - 2) + -135 + -7 + 137.
-37
What is the value of 7 - -27 - (25 + 22)?
-13
What is (19 + -26 - -19) + 0 + 3?
15
Evaluate -728 + 742 - (1 + 5 + -67).
75
Calculate 39 + -23 + -24 + 39.
31
Calculate -93 + 16 + 313 + -120.
116
-18 + (19 - -13) + 5 + 9
28
(-140 - -48) + 40 - -108
56
What is the value of 18 + 22 + (-22 + 2 - -8)?
28
What is the value of 22 - ((23 - 46 - -28) + -7 + 3)?
21
Calculate (434 - 540) + 84 + 5.
-17
What is -18 + -4 + -12 + 23 + -7 + 24 + 59?
65
What is 4 + -44 - (162 - 190) - (6 + 1)?
-19
What is 178 + 134 + -204 + -179?
-71
Evaluate 5 + -40 - -91 - 103.
-47
Calculate (18 - ((13 - 31) + 83) - 1) + -7.
-55
2 - -5 - -1 - (16 + 25 + 5 + -55)
17
Calculate 50 + -51 + 42 + -57.
-16
What is the value of 61 + -150 + 3 + 76?
-10
Evaluate -26 - (-16 + -5) - (-9 + 10 + -27).
21
What is 48 + (-5 - (-2 - -4) - (-20 - (-22 - -9)))?
48
Calculate -30 - (33 - ((-23 - -18) + 22)).
-46
What is the value of -36 - (-13 + (24 - (-13 - -113)))?
53
Evaluate -1 + -22 - -36 - ((12 - 21) + -22).
44
75 - 141 - (22 - 11)
-77
Evaluate 102 - (130 + 124 + -68).
-84
What is (-24 - -21) + 37 + -9 + -53?
-28
What is the value of (-511 - -485 - (-16 + -4)) + (2 - -9)?
5
Calculate 0 + 90 + (71 - (33 - -52)).
76
8 + -8 + -69 + (1 - (15 + -13))
-70
What is 156 + (11 - ((9 - -10) + 9)) - 14?
125
What is the value of 50 + -29 + 8 + 5 + -9?
25
Evaluate 19 + 2 + (-24 - (-40 + 26)) + 21.
32
(-21 - (-35 + 3)) + 1 - 30
-18
Evaluate (-39 - -128 - 93) + -5 + -1 + (-1 - -76).
65
Calculate -58 - -5 - (30 - (52 + -7)).
-38
Evaluate -98 + (-3 - (6 + -2)) + (-5 - -34 - 20).
-96
Evaluate (3 - 9) + (-12 + -37 - 9) + 14.
-50
Evaluate 7 + 8 + 7 + (-2 - (8 + -2 - 3)).
17
Calculate -42 - (42 + -90 + 61).
-55
What is 3 + -30 + (3 - -22 - -13)?
11
Calculate 12 + 30 + (106 + -99 - (0 + 0 + -1)).
50
Evaluate -54 + (24 - ((18 - (11 - 9)) + -1)).
-45
What is -9 + (13 - (11 - (-8 + 11) - 7))?
3
-103 - (6 - 28 - -3 - (-2 + -21))
-107
Calculate -1531 - -1599 - (-2 - -76).
-6
What is (84 - (57 + 18)) + 47?
56
Calculate -1 - ((-1 - 4) + (53 - 51)).
2
Evaluate -8 + (-26 + 32 - 1) - 93.
-96
What is the value of (-134 - -67) + 9 - -73?
15
Calculate 0 - 11 - (86 + -120 - -54).
-31
Calculate 43 - 46 - 26 - -45.
16
(0 - 2) + -7 + (-37 - (37 + -73) - -67)
57
Evaluate 11 + 11 + -25 + -84 + -17 + -29.
-133
-2 + -3 - ((24 - -3) + (-2 - -13) + 8)
-51
Calculate -86 - -8 - (11 + -9 + -12 - -12 - 10).
-70
What is the value of 88 - (64 - 45) - 34?
35
Calculate 59 + -68 + -41 + 30.
-20
Calculate 41 + -39 + 44 - 113.
-67
Evaluate -56 + 73 - (4 - (84 + 20)).
117
Evaluate -1 + (-2 - 5 - -5) + (22 - 7) + -2.
10
What is 13 - -26 - (4 + -2 + 3 - (-182 - -193))?
45
What is the value of 99 - 88 - (1 - 2 - (-20 - 1))?
-9
Evaluate 115 + (-69 - (-149 + 88)).
107
69 - (248 - (259 + -127))
-47
What is 53 - (-47 - (-78 + 20))?
42
Evaluate (468 - 413 - (-11 - 1)) + -18.
49
What is the value of -28 - 4 - (-14 - (-69 + 37))?
-50
Calculate 22 + 10 + -2 + -40 + 21 + (51 - 1).
61
What is 25 + (47 - 22 - 83)?
-33
(-20 - -3) + 2 + -1 - (-5925 - -5961)
-52
What is 349 + -366 - ((4 + -2 - -1) + -53)?
33
Calculate 12 + 26 + -22 + -5 + 21.
32
What is the value of (25 - (16 + -1)) + 11 + (6 - 0)?
27
Calculate -29 + 112 + 34 + -180.
-63
Evaluate 13 - -27 - (3 + -1) - (-218 - -233).
23
Evaluate 364 - 398 - (20 + 1 + -4 + 0 - 5).
-46
Calculate -13 + -4 + (-2 - (16 + -96 + -15)).
76
Calculate 19 + -2 + 0 + (-265 - -229) + (-2 - 0).
-21
What is -16 + -2 + 5 - (-17 - ((-22 - -29) + 11))?
22
What is 0 + (-1 - 2) + 60 + 1?
58
What is the value of 10 + 0 + (-15 - (-13 + 2 - (-12 + 54)))?
48
What is the value of -32 + 39 - ((-6 - -67) + 1 + -2)?
-53
What is the value of -1 - -10 - (607 + -626)?
28
(-2 - 10) + (-47 - (-22 - 17))
-20
What is the value of -49 + 12 + -18 + -12 + -12?
-79
Evaluate 57 + (-10 + -15 - 25).
7
What is (2 - -28 - (-297 - -311)) + 55 + 0?
71
(-96 - (-68 + 12)) + 4
-36
-87 + -33 - -91 - (1 - -40)
-70
Calculate -6 - -43 - (29 + (-11 - -10)).
9
What is the value of 3 + (-111 - 6) + -2 + -99 + 95?
-120
What is -85 - (-13 - 46 - -26)?
-52
Evaluate 4 + 2 + 755 + -821.
-60
Evaluate -67 + 94 + 20 - 61.
-14
Calculate -50 + -38 + 46 - (-1 + 10).
-51
What is the value of -51 - -1 - (-5 - (-9 - (3 - -10 - 12)))?
-55
(53 - 59) + -37 + (3 - (6 + 4))
-50
What is 1076 + -1080 - (1 - ((1 + -10 - -3) + -7))?
-18
Evaluate -33 + (-440 - -452) + -1 + -13 + -16.
-51
Evaluate 39 - -1 - (-5047 + 5092).
-5
Calculate -4 + 2 - (-62 - -11) - (-199 + 185).
63
72 - (-97 + 65 - -45)
59
Calculate -5 + (16 - (66 + 9) - -21).
-43
(15 - -26 - 12) + -118 + -33
-122
What is the value of 116 - (-38 - -49) - 165?
-60
What is the value of 2 + (-15 - (-6 - (-14 + 1))) + (-2 - -2)?
-20
What is the value of -8 - (-6 + 16 - -10)?
-28
What is the value of 6 - (-69 - (-21 - (-20 + 10) - 5 - -8))?
67
(-86 + 34 - -43) + 15 + -1 + -27
-22
What is the value of -55 - (14 - 19 - (7 + -2)) - (1 + 4)?
-50
Evaluate -199 + (121 - 135) - -106.
-107
What is the value of -110 - -149 - (-68 - -59)?
48
Calculate -34 - (-25 + (59 - (-10 + 44))).
-34
What is the value of -1 - -20 - (12 + -55 + 36)?
26
Evaluate -31 + 146 + 0 + (-258 - -222).
79
79 + (-41 - 83) + 61
16
Calculate -2 + -16 + -13 + (16 - -4).
-11
Evaluate -133 + 24 + -1 + 100.
-10
Evaluate (5 - (1 - 7)) + -18 + 19 + -13.
-1
Evaluate 45 + (-40 - (-151 + 95)).
61
Calculate (150 - 30) + -19 + -20.
81
What is the value of -24 + -21 + (8 + -19 - (-151 - -13))?
82
What is the value of (1 - (0 + 0)) + (-31 + 45 - 24) + 36?
27
What is (0 - -90) + (54 - (-28 - -87) - (-1 + 2))?
84
What is 19 + -11 + -19 + (5 - 0 - -25)?
19
What is the value of -3 + ((9 - (17 + -9)) + -7 - (19 - -6))?
-34
What is the value of -11 + 61 + -22 + -13 - 118?
-103
Calculate -32 + 9 + 26 - 10.
-7
Evaluate 13 + 112 + -100 + (62 - 2 - 5).
80
Evaluate (21 - 0) + 221 + -201 + -3.
38
54 + -1 + 2 + -25 + (50 - 28)
52
Calculate -104 - -1 - (35 + -58 + 58 + -52).
-86
What is the value of 0 - (-6 - 0) - ((2 - -17) + 0) - -5?
-8
Calculate -4 + ((-36 - -12) + -2 - -11) - (7 + -2).
-24
What is the value of -29 + 14 - (87 - (2 + -6) - (3 + -10))?
-113
(15 - (-12 + 14 + 10) - 15) + 8
-4
-23 + (-2 - 20 - (-310 - -291))
-26
What is (-92 - -140) + -85 - 24?
-61
Evaluate -1 + (-44 + 98 + -24 - 17).
12
What is -4636 + 4597 + 1 + 46?
8
Calculate -2 + -30 + -2599 + 2627 - (-3 + (3 - 43)).
39
What is 6 + -35 + -36 + 86 - (-8 + 4)?
25
Evaluate (18 - 25 - 19 - -22) + -1 + -19.
-24
What is (-254 - -262 - (1 + 11)) + -31?
-35
0 - (151 + -144 - (0 + -2) - -4)
-13
What is the value of 11 + (-24 + -6 - (-18 + -40))?
39
What is 38 + (-11 + -1 - (-77 + 34 + 41))?
28
7 - -3 - (128 + -85 - 67)
34
Evaluate -40 + 32 + 19 - 44.
-33
What is -6 + -1 - (9 + -11 + 1 + -36)?
30
What is -14 - -1 - (4 + 3 - -96 - (60 + -44))?
-100
What is (-68 - (-24 - 65)) + 62?
83
What is -3 + 4 + 24 + (-29 - -32)?
28
Calculate -9 + (17 - 21) - (74 + -59).
-28
What is 260 - 244 - ((-5 - -64) + -3)?
-40
Evaluate (-68 - -5) + (1 - -12 - (22 - 17)) - -8.
-47
Calculate -11 - (1 - 21 - -11 - (1 + -5)).
-6
Evaluate -41 + (26 - 1) + -596 + 587.
-25
What is the value of 7 + 4 + 49 + -42 + 3?
21
-3 + 20 - 3 - (-